{"version":"1.0","provider_name":"#STRUKA","provider_url":"https:\/\/www.struka.hr\/en\/","author_name":"\u017deljko Habek","author_url":"https:\/\/www.struka.hr\/en\/author\/zeljko\/","title":"Erasmus days - Erasmus cafe in Slavonski Brod - #STRUKA","type":"rich","width":600,"height":338,"html":"<blockquote class=\"wp-embedded-content\" data-secret=\"FjbsMdsRN3\"><a href=\"https:\/\/www.struka.hr\/en\/erasmus-days-erasmus-cafe-in-slavonski-brod\/\">Erasmus days &#8211; Erasmus cafe in Slavonski Brod<\/a><\/blockquote><iframe sandbox=\"allow-scripts\" security=\"restricted\" src=\"https:\/\/www.struka.hr\/en\/erasmus-days-erasmus-cafe-in-slavonski-brod\/embed\/#?secret=FjbsMdsRN3\" width=\"600\" height=\"338\" title=\"&#8220;Erasmus days &#8211; Erasmus cafe in Slavonski Brod&#8221; &#8212; #STRUKA\" data-secret=\"FjbsMdsRN3\" frameborder=\"0\" marginwidth=\"0\" marginheight=\"0\" scrolling=\"no\" class=\"wp-embedded-content\"><\/iframe><script type=\"text\/javascript\">\n\/* <![CDATA[ *\/\n\/*! This file is auto-generated *\/\n!function(d,l){\"use strict\";l.querySelector&&d.addEventListener&&\"undefined\"!=typeof URL&&(d.wp=d.wp||{},d.wp.receiveEmbedMessage||(d.wp.receiveEmbedMessage=function(e){var t=e.data;if((t||t.secret||t.message||t.value)&&!\/[^a-zA-Z0-9]\/.test(t.secret)){for(var s,r,n,a=l.querySelectorAll('iframe[data-secret=\"'+t.secret+'\"]'),o=l.querySelectorAll('blockquote[data-secret=\"'+t.secret+'\"]'),c=new RegExp(\"^https?:$\",\"i\"),i=0;i<o.length;i++)o[i].style.display=\"none\";for(i=0;i<a.length;i++)s=a[i],e.source===s.contentWindow&&(s.removeAttribute(\"style\"),\"height\"===t.message?(1e3<(r=parseInt(t.value,10))?r=1e3:~~r<200&&(r=200),s.height=r):\"link\"===t.message&&(r=new URL(s.getAttribute(\"src\")),n=new URL(t.value),c.test(n.protocol))&&n.host===r.host&&l.activeElement===s&&(d.top.location.href=t.value))}},d.addEventListener(\"message\",d.wp.receiveEmbedMessage,!1),l.addEventListener(\"DOMContentLoaded\",function(){for(var e,t,s=l.querySelectorAll(\"iframe.wp-embedded-content\"),r=0;r<s.length;r++)(t=(e=s[r]).getAttribute(\"data-secret\"))||(t=Math.random().toString(36).substring(2,12),e.src+=\"#?secret=\"+t,e.setAttribute(\"data-secret\",t)),e.contentWindow.postMessage({message:\"ready\",secret:t},\"*\")},!1)))}(window,document);\n\/\/# sourceURL=https:\/\/www.struka.hr\/wp-includes\/js\/wp-embed.min.js\n\/* ]]> *\/\n<\/script>\n","description":"Three Erasmus+ projects in implementation right now: Green ASC VET &#8211; Metautism, FOR-GEN-LEARN and TEPIH.Three associations: #STRUKA, EKO BREZNA and REGO\u010c.Two partners: Industrijsko-obrtni\u010dka \u0161kola Slavonski Brod and radio 92FM.Marketing support.Lidija Vukojevic, \u017daklina \u010ciri\u0107, Mirjana Jakov\u010dev, Tin Horvatin, Klara Tuli\u010di\u0107, Edita Margeta, Irena Vukas \u00c7ufalar and \u017deljko Habek.Pleasant conversations about project implementation, quality and dissemination of","thumbnail_url":"https:\/\/www.struka.hr\/wp-content\/uploads\/Erasmus-days_2024._jpg-1170x694.jpg"}

Željko Habek

Three Erasmus+ projects in implementation right now: Green ASC VET &#8211; Metautism, FOR-GEN-LEARN and TEPIH.Three associations: #STRUKA, EKO BREZNA and REGOČ.Two partners: Industrijsko-obrtnička škola Slavonski Brod and radio 92FM.Marketing support.Lidija Vukojevic, Žaklina Čirić, Mirjana Jakovčev, Tin Horvatin, Klara Tuličić, Edita Margeta, Irena Vukas Çufalar and Željko Habek.Pleasant conversations about project implementation, quality and dissemination of
